105?
21
What is the highest common divisor of 31 and 757?
1
What is the highest common divisor of 30 and 9285?
15
Calculate the highest common divisor of 4410 and 22190.
70
What is the greatest common factor of 3322 and 2563?
11
What is the highest common factor of 34203 and 1872?
39
Calculate the highest common factor of 132990 and 143.
143
Calculate the greatest common divisor of 68850 and 9.
9
What is the greatest common divisor of 801 and 97633?
89
What is the greatest common factor of 72697 and 1046?
523
What is the highest common divisor of 224 and 7648?
32
What is the greatest common factor of 11180 and 1105?
65
What is the greatest common divisor of 952 and 7378?
238
Calculate the greatest common divisor of 189 and 8547.
21
What is the highest common factor of 130904 and 12?
4
Calculate the greatest common factor of 8673 and 29854.
59
What is the highest common divisor of 2318 and 3294?
122
Calculate the greatest common factor of 11484 and 2523.
87
Calculate the highest common factor of 1096 and 513476.
548
What is the highest common factor of 462459 and 3?
3
Calculate the highest common factor of 1108 and 67311.
277
Calculate the highest common factor of 9867 and 17641.
299
What is the greatest common factor of 4417 and 14513?
631
What is the highest common divisor of 266 and 508991?
133
What is the greatest common divisor of 1095113 and 3012?
251
What is the highest common divisor of 2030629 and 732?
61
What is the highest common factor of 52857 and 882?
63
Calculate the greatest common divisor of 142320 and 480.
240
What is the greatest common factor of 1378 and 130?
26
Calculate the greatest common factor of 123 and 1236.
3
What is the greatest common divisor of 208 and 21996?
52
What is the highest common divisor of 863588 and 209?
209
What is the highest common divisor of 103 and 3811?
103
Calculate the highest common factor of 12 and 1842522.
6
Calculate the highest common factor of 7641 and 10471.
283
What is the greatest common divisor of 1041 and 112428?
1041
What is the highest common factor of 2133 and 12123?
27
What is the highest common divisor of 191660 and 17612?
1036
Calculate the highest common divisor of 2093 and 35880.
299
Calculate the greatest common factor of 1102 and 19532.
38
Calculate the highest common divisor of 517 and 298309.
517
Calculate the greatest common factor of 2100 and 4704.
84
Calculate the greatest common factor of 132 and 386518.
22
What is the greatest common divisor of 32 and 2275280?
16
What is the highest common factor of 60 and 724848?
12
Calculate the greatest common divisor of 9 and 168759.
9
Calculate the highest common divisor of 32683 and 145.
29
Calculate the highest common divisor of 111198 and 18.
6
What is the greatest common divisor of 1855785 and 15?
15
What is the greatest common divisor of 290 and 1015?
145
What is the highest common factor of 6373530 and 460?
230
What is the greatest common factor of 272144 and 876?
292
Calculate the highest common factor of 752133 and 9321.
717
Calculate the greatest common divisor of 216 and 22167.
27
Calculate the greatest common divisor of 44 and 172117.
11
What is the highest common divisor of 1362466 and 14?
14
What is the greatest common divisor of 1674 and 3267?
27
Calculate the greatest common divisor of 26 and 582257.
13
Calculate the highest common divisor of 36729 and 55.
11
What is the highest common factor of 4170 and 810?
30
What is the highest common factor of 2387 and 8932?
77
Calculate the highest common divisor of 40 and 5195.
5
What is the greatest common factor of 507045 and 420?
105
What is the highest common divisor of 1302 and 294?
42
What is the highest common factor of 49796 and 39668?
844
Calculate the highest common divisor of 130 and 9178.
26
Calculate the highest common divisor of 26766 and 36.
18
What is the highest common factor of 9308 and 117?
13
What is the greatest common divisor of 16 and 474736?
16
What is the highest common divisor of 11029 and 12833?
41
Calculate the highest common divisor of 40 and 16703080.
40
Calculate the highest common divisor of 189891 and 54.
27
What is the greatest common factor of 312 and 543608?
104
Calculate the highest common divisor of 79325 and 190.
95
What is the greatest common divisor of 8540 and 672?
28
What is the highest common factor of 380 and 118940?
380
What is the highest common factor of 70536 and 192?
24
What is the highest common factor of 444 and 12?
12
What is the highest common factor of 2268497 and 1309?
1309
What is the highest common factor of 8 and 55774?
2
Calculate the greatest common factor of 2337 and 6897.
57
Calculate the greatest common divisor of 106514 and 1919.
19
Calculate the highest common divisor of 278 and 817042.
278
Calculate the greatest common factor of 689 and 16960.
53
What is the highest common factor of 22 and 6229729?
11
What is the greatest common factor of 87685 and 221?
13
What is the highest common factor of 324 and 54756?
324
What is the highest common divisor of 8085 and 7755?
165
Calculate the highest common divisor of 336 and 225276.
12
What is the greatest common factor of 54374 and 341?
31
What is the highest common divisor of 485 and 3310?
5
Calculate the greatest common factor of 12592 and 64.
16
Calculate the greatest common factor of 5446644 and 1764.
588
What is the highest common divisor of 7808 and 183?
61
Calculate the highest common divisor of 38599 and 6061.
319
Calculate the highest common divisor of 44520 and 45360.
840
Calculate the greatest common divisor of 31888 and 16.
16
What is the greatest common divisor of 69003 and 3553?
187
Calculate the greatest common factor of 208 and 69424.
16
Calculate the greatest common factor of 4455 and 48840.
165
What is the highest common factor of 392504 and 172?
172
Calculate the highest common divisor of 19228 and 88.
44
What is the highest common divisor of 5 and 245995?
5
What is the highest common factor of 684 and 14668?
76
What is the greatest common divisor of 7814040 and 1560?
1560
What is the greatest common divisor of 10409456 and 16?
16
Calculate the highest common factor of 10 and 16538.
2
What is the greatest common divisor of 2838 and 938346?
258
Calculate the greatest common factor of 1494 and 1116.
18
What is the greatest common factor of 40 and 26815?
5
What is the highest common divisor of 335544 and 22?
22
Calculate the greatest common factor of 39483 and 3.
3
What is the greatest common divisor of 90 and 153345?
15
Calculate the greatest common factor of 44649 and 1023.
33
Calculate the greatest common divisor of 2929 and 69993.
101
Calculate the highest common factor of 245 and 5065.
5
What is the greatest common factor of 1794 and 2254?
46
Calculate the greatest common divisor of 110 and 21670.
110
Calculate the highest common factor of 59 and 23298333.
59
What is the greatest common divisor of 32 and 20204?
4
Calculate the highest common divisor of 46 and 1655954.
46
What is the highest common factor of 15 and 5820?
15
Calculate the highest common factor of 5812917 and 219.
219
What is the highest common factor of 64 and 68832?
32
Calculate the highest common factor of 1058445 and 43.
43
Calculate the greatest common divisor of 312 and 11037.
39
Calculate the greatest common divisor of 766 and 8957221.
383
Calculate the greatest common divisor of 35264 and 1938.
38
What is the highest common divisor of 1293 and 1956?
3
What is the highest common factor of 78708 and 1428?
84
Calculate the greatest common factor of 466395 and 15.
15
Calculate the greatest common divisor of 10221166 and 58.
58
What is the highest common factor of 4182 and 6888?
246
What is the highest common divisor of 129525 and 99?
33
What is the greatest common factor of 63958 and 8814?
226
Calculate the greatest common divisor of 3008 and 4024.
8
Calculate the greatest common factor of 45 and 82185.
15
What is the greatest common factor of 906 and 2816301?
453
What is the greatest common factor of 80536 and 56?
8
What is the highest common divisor of 24275 and 294213?
971
Calculate the highest common factor of 14141 and 7268.
79
What is the greatest common divisor of 5263 and 247?
19
What is the highest common factor of 63 and 408786?
21
What is the highest common divisor